r(y) = 12*y**2 + 15*y + 44. Let x(c) = -6*r(c) + 7*s(c). What is the hundreds digit of x(-3)?
1
What is the hundreds digit of (-204477)/(-98) + (-3)/2?
0
Let p(a) = a**3 - 2*a**2 + 5*a - 8. Let z be p(2). Suppose 2*x - 3*t + 551 = 6*x, -274 = -2*x - z*t. What is the units digit of x?
0
What is the tens digit of (-54)/9 + (-2 - 8112/(-3))?
9
Suppose 75 = 5*h - 60. Let n = h + 13. What is the tens digit of n?
4
Suppose 5*k - 2*f = -276, -k - 3*k - 201 = 5*f. Let z = 70 + 28. Let r = k + z. What is the tens digit of r?
4
Suppose 0*a = 2*a - 18. Let p = 37 - a. What is the tens digit of p?
2
Suppose 5*w - 3*w = f + 2, 3*w - 5*f + 4 = 0. Suppose 0 = 2*x - 118 - 52. Suppose 3*r - 64 = -k, -4*r + k + x = w*k. What is the units digit of r?
1
Let t(k) = k + 13. Let j be t(-6). Suppose 0 = -5*r + 10*m - j*m + 1694, -r - m + 334 = 0. What is the hundreds digit of r?
3
Let l = 3163 + -1377. What is the tens digit of l?
8
What is the tens digit of (8/(-12))/((-13)/25233)?
9
Suppose -177 = -2*p + 821. What is the tens digit of p?
9
Suppose -10 = -3*t + 446. What is the tens digit of t?
5
Suppose 0 = -6*c + 2020 - 232. What is the units digit of c?
8
Let n(s) = -3 + 17*s + 7*s - 8*s + 0. Let k be n(3). Suppose -2*d - 3*d + f + k = 0, -4*f - 20 = 0. What is the units digit of d?
8
Suppose -a = -k - 1030, 5*k = a + 307 - 1345. What is the hundreds digit of a?
0
Let d be -12*(-4)/4*-1. Let b be (-2)/(-3)*(-162)/d. Let k = b + 0. What is the units digit of k?
9
Suppose -4*i = -5*j + 313, -5*j - i = i - 301. Suppose 4*b + j = m, -m - 5*b + 3 + 13 = 0. What is the units digit of m?
1
Suppose 3*l = o + 10, 4*o - 14 = l + 8*o. Suppose 3*w - 45 = 3*x + 9, 4*w + l*x - 78 = 0. What is the tens digit of w?
1
Let v = -832 - -1065. What is the units digit of v?
3
Let w(f) = -f - 9. Let p be w(-7). Let z(q) = -9*q**3 + q + 2. What is the tens digit of z(p)?
7
Suppose 5*c = 7*c. Suppose 2*h - 66 - 142 = c. What is the tens digit of (-6)/15 - h/(-10)?
1
Let r be 5*-1 - (-8 + 0). Suppose -r*b + 2*f + 241 = -2*b, f = -5. What is the units digit of b?
1
Suppose -12*a + 1983 + 6165 = 0. What is the tens digit of a?
7
Let q(d) = -d + 7. Let w be q(3). Suppose -3*k + 0 - 17 = p, 20 = -w*p. Let s = 17 + k. What is the tens digit of s?
1
What is the units digit of 11/(1/376*8)?
7
Let u(n) = -n**3 - n**2 + 5*n - 10. What is the hundreds digit of u(-9)?
5
Let d(a) = -7*a + 22. Let j = -77 - -80. What is the units digit of d(j)?
1
Let b = -38 + 41. Suppose -4*j + 3*a + 17 = 0, 9*a - 6*a - 18 = -b*j. What is the units digit of j?
5
Suppose -6*w - 28 = -10*w. Suppose 0 = -2*x - 2*j + 8, 0 = -x - x - j + w. What is the units digit of x?
3
Suppose -12*l = -2*l - 50. Suppose -3*p - 208 = -j + p, -l*p - 652 = -3*j. What is the units digit of j?
4
Suppose 5*t = 10 - 0. Suppose -6*c + 152 = -t*c. What is the tens digit of c?
3
Suppose -4*a + 208 = 2*g, -6*g = -3*g - 3*a - 303. What is the units digit of g?
2
Suppose 0 = -3*d + 5*d - 3*r - 940, -4*r + 1900 = 4*d. What is the tens digit of d?
7
Let z(q) = 11*q**2 + 3*q - 8. Let g(t) = -17*t**2 - 5*t + 12. Let p(a) = 5*g(a) + 8*z(a). What is the tens digit of p(-4)?
4
Let v(s) = s**2 - 2*s**2 + 1 + 4 + 2*s**2 - 12*s. Let m be v(13). Suppose 1 = y - m. What is the tens digit of y?
1
Let h(s) = 20*s**2 - 18*s + 137. What is the hundreds digit of h(10)?
9
Suppose 6*s + 8*s - 812 = 0. Let c = s - -185. What is the hundreds digit of c?
2
Suppose 12 + 60 = 8*f. What is the units digit of f?
9
Suppose 0 = -u + 160 + 349. What is the units digit of u?
9
Suppose -81*g + 37*g = -15796. What is the units digit of g?
9
Suppose -6*y + 7860 = -1044. What is the tens digit of y?
8
Suppose -12*w - 3205 = -63397. What is the units digit of w?
6
What is the thousands digit of (-188)/(-846) - 56775/(-27)?
2
Let w(i) = -i**2 - 8*i - 2. Let s(a) = -a**3 - 16*a**2 - 15*a - 8. Let p be s(-15). Let k be w(p). What is the units digit of 50/30 + k/3?
1
Let p = 63 + -59. Suppose p*o - 586 = 54. What is the tens digit of o?
6
Suppose 188 = 5*s - s. Suppose -5*q - s = -k - 2*q, 0 = q - 2. Suppose 0 = 2*y + 10, 3*y = -3*v - v + k. What is the units digit of v?
7
Suppose 0 = -670*o + 691*o - 24717. What is the thousands digit of o?
1
Let x = 21 + -19. Suppose 0 = 4*y - 6*y - 8, -112 = -x*v - y. What is the units digit of v?
8
Suppose -w + 71 = 2*o, -2*w = -3*o - 3*w + 107. Let p be (-50)/(-3)*o/(-30). Let s = p + 44. What is the units digit of s?
4
Let u(r) = -r**2 + 9*r - 5. Let j be u(8). Suppose -606 = -j*i + 3*h, 4*h - 1006 = -5*i - 32. What is the hundreds digit of i?
1
Suppose -3*q + 6*q - 199 = -p, 4*p - 4 = 0. Let g = 93 - q. Suppose -5 = 2*w - g. What is the tens digit of w?
1
What is the tens digit of (1 - -166)/(76/532)?
6
Let x = -41 + 29. What is the units digit of -2*x/(-8)*-1?
3
Let m(x) = 33*x + 1. Let d(f) be the second derivative of 17*f**3/3 + f**2/2 + 4*f. Let p(t) = 2*d(t) - 3*m(t). What is the tens digit of p(-1)?
3
Let y = -478 - -781. What is the hundreds digit of y?
3
Suppose 13*v - 13443 - 5329 = 0. What is the units digit of v?
4
Let y(r) = 5126*r**2 - 148*r - 147. What is the tens digit of y(-1)?
2
Let l(q) = -3*q + 37. Let y be l(12). What is the tens digit of 9/15 - y - 514/(-10)?
5
Let k = 98 + 280. What is the hundreds digit of k?
3
Suppose s - 5 = -3*a + 8, -4 = -4*a - 4*s. Let n(o) be the second derivative of -o**5/20 + 7*o**4/12 - o**3/3 - o**2 - o. What is the tens digit of n(a)?
2
Let h(l) be the second derivative of l**3/6 + 5*l**2/2 + 6*l. Let s be h(-7). What is the tens digit of (-1)/((8/52)/s)?
1
Let m(x) = -15*x - 11. What is the units digit of m(-2)?
9
Suppose -5*d - 9928 = -4*i, -3*d - 9491 = -4*i + 429. What is the tens digit of i?
7
Suppose -6*q + 55 = -11*q. Let j(a) = a**3 + 11*a**2 + a + 2. Let h be j(q). What is the units digit of h/((-27)/66) - 2?
0
Let j = -73 - -100. Suppose 20*d = j*d - 434. What is the tens digit of d?
6
Let g(s) = 8*s - 62. Suppose -4*o - 104 = -4*r - 3*o, 2*r - 34 = -4*o. What is the units digit of g(r)?
8
Let g = -10 + 2. Let s be (-579)/(-39) - g/52. What is the tens digit of (-30)/(-4)*50/s?
2
Let p = -53 + 58. Suppose 7*s - p*s = 252. What is the hundreds digit of s?
1
Let r = 80 - -1422. What is the units digit of r?
2
Let m be -2 - 3*(-6)/3. Suppose -6*w + 52 = m*c - 3*w, 4*w - 16 = -2*c. Suppose -b + 0*b = 2*v - c, -b - 4*v = -22. What is the tens digit of b?
1
What is the units digit of 21*(3 + -4)*(17 + -156)?
9
Let a be 0*(-7)/28*(-1)/(-2). Suppose 4*i + n = 536 + 192, 3*i - 4*n - 546 = a. What is the units digit of i?
2
What is the tens digit of ((-1)/2*-1)/((-7)/(-5194))?
7
Let v be (1 + 2)*(-8304)/9. Let i be v/(-32) + (-6)/(-4). Suppose -4*f = -4*q - i, f - 128 = -3*f - 4*q. What is the units digit of f?
7
Suppose -7*d + 1288 = -651. What is the hundreds digit of d?
2
What is the hundreds digit of 1/3 + (-52332)/(-36)?
4
Let d = -3327 + 5043. What is the thousands digit of d?
1
Suppose -4*j = -9*j + 1720. Suppose 11*d + j = 1554. What is the hundreds digit of d?
1
Suppose 3*n + 2*n - 70 = 0. What is the hundreds digit of (3 + -32)/((-2)/n) + -1?
2
Let a be 6/(-2) + (176 - 3). Suppose 3*m = q - 10 - 29, 4*q + 2*m = a. What is the units digit of q?
2
Let z(f) = f**2 - 23*f + 44. Let m be z(21). Suppose m*h - 454 = -72. What is the hundreds digit of h?
1
Suppose -4*a - 9 = -a. Let o = -3 + a. Let x = 34 + o. What is the tens digit of x?
2
Let h = -23 + 55. Suppose 29*g = h*g - 54. Suppose -5*d + b = 5*b - g, 3*d - 2*b - 24 = 0. What is the units digit of d?
6
Let o be (-2)/(-7) - (-1200)/(-35). Let u = 74 + o. Let l = u - 29. What is the units digit of l?
1
Suppose 0 = 13*a - 20*a + 26061. What is the hundreds digit of a?
7
Suppose -2*z - 11 = -2*y + 29, -95 = -5*y + 4*z. Let s(n) = 2*n + 4. What is the tens digit of s(y)?
3
Suppose -4*m - 23 = 45. Let a = -1 - m. Let w = -7 + a. What is the units digit of w?
9
Suppose -q - 3*v - 2*v + 29 = 0, 2*q - 4*v - 58 = 0. Let o = 52 - q. Let p = 36 - o. What is the tens digit of p?
1
Suppose r = -2*r + 6. Suppose 5*y - 2*t = 0, -4*y + 3*t = -r*t. Suppose 4*q - 97 = -j + 12, -2*q - 5*j + 41 = y. What is the units digit of q?
8
Suppose 1 = -n - 4*n + 4*y, -16 = -4*n - y. Suppose 21 = 2*m - n*s, -4*m + 41 = -0*m - 5*s. What is the units digit of m?
